{"id":98,"date":"2015-04-10T22:44:39","date_gmt":"2015-04-10T22:44:39","guid":{"rendered":"http:\/\/www.tes.as\/?page_id=98"},"modified":"2025-06-09T14:06:39","modified_gmt":"2025-06-09T13:06:39","slug":"slippen","status":"publish","type":"page","link":"https:\/\/www.tes.as\/?page_id=98","title":{"rendered":"Slippen"},"content":{"rendered":"<p>For \u00e5 kunne bruke slippen p\u00e5 en best egnet m\u00e5te for alle sammen, har vi opprettet en kalender som blir oppdatert ved reservering av tid.<\/p>\n<p>Trenger du tilgang til vinsje huset s\u00e5 ta kontakt med nedeforst\u00e5ende.<\/p>\n<p><strong>Vinsjen skal kun kj\u00f8res av instruerte medlemmer.<\/strong><\/p>\n<ul>\n<li>Geir Asle Dyrkorn\u00a0 \u00a0 \u00a0-917 89 856 e-post: <a href=\"mailto:formann@tes.as\">formann@tes.as<\/a><\/li>\n<li>Per Kristian Rekdal\u00a0 \u00a0&#8211; 917 00 644<\/li>\n<li>Claude Hildrestrand &#8211; 915 82 342<\/li>\n<li>Hans Petter Hildre \u2013 959 93 659 e-post: <a href=\"mailto:nestformann@tes.as\"><span style=\"color: #3366ff;\">nestformann@tes.as<\/span><\/a><\/li>\n<li>Lennart Tennfjord\u00a0 \u00a0\u2013 481 41\u00a0419<\/li>\n<\/ul>\n<p>Kontakt Nestformann, Hans Petter Hildre for \u00e5 reservere tid p\u00e5 slippen.<\/p>\n<p><iframe loading=\"lazy\" style=\"border-width: 0;\" src=\"https:\/\/calendar.google.com\/calendar\/embed?title=Reservering%20av%20b%C3%A5tvogn%20%2F%20slipp&amp;showPrint=0&amp;showCalendars=0&amp;showTz=0&amp;height=600&amp;wkst=2&amp;hl=no&amp;bgcolor=%2366cccc&amp;src=tennfjordogeidsviksmabatlag%40gmail.com&amp;color=%231B887A&amp;ctz=Europe%2FOslo\" width=\"800\" height=\"600\" frameborder=\"0\" scrolling=\"no\"><\/iframe><a href=\"https:\/\/calendar.google.com\/calendar\/embed?src=tennfjordogeidsviksmabatlag%40gmail.com&amp;ctz=Europe\/Oslo\">Fullskjerms-visning<\/a><\/p>\n<p><strong>Viktig!<\/strong><\/p>\n<p><strong>All slippsetting, opphold p\u00e5 slipp, og utsetting skjer p\u00e5 den angjeldende b\u00e5teiger sitt eget ansvar. Tennfjord og Eidsvik Sm\u00e5b\u00e5tlag fraskriver seg alt ansvar for skader som m\u00e5tte oppst\u00e5.<\/strong><\/p>\n","protected":false},"excerpt":{"rendered":"<p>For \u00e5 kunne bruke slippen p\u00e5 en best egnet m\u00e5te for alle sammen, har vi opprettet en kalender som blir oppdatert ved reservering av tid. Trenger du tilgang til vinsje huset s\u00e5 ta kontakt med nedeforst\u00e5ende. Vinsjen skal kun kj\u00f8res&#8230; <a class=\"more-link\" href=\"https:\/\/www.tes.as\/?page_id=98\">Fortsett \u00e5 lese &rarr;<\/a><\/p>\n","protected":false},"author":3,"featured_media":0,"parent":0,"menu_order":0,"comment_status":"closed","ping_status":"open","template":"","meta":{"footnotes":""},"class_list":["post-98","page","type-page","status-publish","hentry"],"_links":{"self":[{"href":"https:\/\/www.tes.as\/index.php?rest_route=\/wp\/v2\/pages\/98","targetHints":{"allow":["GET"]}}],"collection":[{"href":"https:\/\/www.tes.as\/index.php?rest_route=\/wp\/v2\/pages"}],"about":[{"href":"https:\/\/www.tes.as\/index.php?rest_route=\/wp\/v2\/types\/page"}],"author":[{"embeddable":true,"href":"https:\/\/www.tes.as\/index.php?rest_route=\/wp\/v2\/users\/3"}],"replies":[{"embeddable":true,"href":"https:\/\/www.tes.as\/index.php?rest_route=%2Fwp%2Fv2%2Fcomments&post=98"}],"version-history":[{"count":15,"href":"https:\/\/www.tes.as\/index.php?rest_route=\/wp\/v2\/pages\/98\/revisions"}],"predecessor-version":[{"id":867,"href":"https:\/\/www.tes.as\/index.php?rest_route=\/wp\/v2\/pages\/98\/revisions\/867"}],"wp:attachment":[{"href":"https:\/\/www.tes.as\/index.php?rest_route=%2Fwp%2Fv2%2Fmedia&parent=98"}],"curies":[{"name":"wp","href":"https:\/\/api.w.org\/{rel}","templated":true}]}}